{"id":1708,"date":"2024-08-28T08:59:23","date_gmt":"2024-08-28T06:59:23","guid":{"rendered":"https:\/\/smartcity.stuttgart.de\/?page_id=1708"},"modified":"2025-07-16T15:27:48","modified_gmt":"2025-07-16T13:27:48","slug":"barrierefreiheit","status":"publish","type":"page","link":"https:\/\/digitalmonitor.stuttgart.de\/index.php\/barrierefreiheit\/","title":{"rendered":"Barrierefreiheit"},"content":{"rendered":"<p>[et_pb_section fb_built=&#8220;1&#8243; _builder_version=&#8220;4.24.0&#8243; _module_preset=&#8220;default&#8220; global_colors_info=&#8220;{}&#8220;][et_pb_row custom_padding_last_edited=&#8220;on|desktop&#8220; _builder_version=&#8220;4.24.0&#8243; _module_preset=&#8220;default&#8220; custom_margin_tablet=&#8220;-50px||0px||false|false&#8220; custom_margin_phone=&#8220;-76px||0px||false|false&#8220; custom_margin_last_edited=&#8220;on|phone&#8220; custom_padding_tablet=&#8220;0px||0px||false|false&#8220; custom_padding_phone=&#8220;0px||0px||false|false&#8220; global_colors_info=&#8220;{}&#8220;][et_pb_column type=&#8220;4_4&#8243; _builder_version=&#8220;4.24.0&#8243; _module_preset=&#8220;default&#8220; global_colors_info=&#8220;{}&#8220;][et_pb_heading title=&#8220;Erkl\u00e4rung zur Barrierefreiheit&#8220; _builder_version=&#8220;4.24.0&#8243; _module_preset=&#8220;default&#8220; title_font=&#8220;|600|||||||&#8220; title_line_height=&#8220;1.4em&#8220; custom_margin=&#8220;||0px||false|false&#8220; custom_padding=&#8220;||0px||false|false&#8220; title_font_size_tablet=&#8220;&#8220; title_font_size_phone=&#8220;&#8220; title_font_size_last_edited=&#8220;on|phone&#8220; global_colors_info=&#8220;{}&#8220;][\/et_pb_heading][et_pb_divider _builder_version=&#8220;4.24.0&#8243; _module_preset=&#8220;default&#8220; custom_margin=&#8220;0px||||false|false&#8220; custom_padding=&#8220;0px||||false|false&#8220; global_colors_info=&#8220;{}&#8220;][\/et_pb_divider][\/et_pb_column][\/et_pb_row][et_pb_row column_structure=&#8220;1_4,3_4&#8243; _builder_version=&#8220;4.24.0&#8243; _module_preset=&#8220;default&#8220; custom_margin=&#8220;0px||||false|false&#8220; custom_padding=&#8220;0px||15px||false|false&#8220; global_colors_info=&#8220;{}&#8220;][et_pb_column type=&#8220;1_4&#8243; _builder_version=&#8220;4.24.0&#8243; _module_preset=&#8220;default&#8220; global_colors_info=&#8220;{}&#8220;][\/et_pb_column][et_pb_column type=&#8220;3_4&#8243; _builder_version=&#8220;4.24.0&#8243; _module_preset=&#8220;default&#8220; global_colors_info=&#8220;{}&#8220;][et_pb_text _builder_version=&#8220;4.24.0&#8243; _module_preset=&#8220;default&#8220; text_font_size=&#8220;15px&#8220; custom_padding=&#8220;||4px|||&#8220; global_colors_info=&#8220;{}&#8220;]<\/p>\n<div class=\"tinymce\">\n<p>Wir arbeiten daran, unser Online-Angebot, im Einklang mit der EU-Richtlinie 2016\/2102, barrierefrei zug\u00e4nglich zu machen. Grundlage bilden die Bestimmungen des Behindertengleichstellungsgesetzes des Bundes (BGG) sowie der Barrierefreien\u2010Informationstechnik\u2010Verordnung (BITV 2.0). Diese Erkl\u00e4rung zur Barrierefreiheit gilt ausschlie\u00dflich f\u00fcr das zentrale Online-Angebot www.smartcity-stuttgartd.e, nicht jedoch f\u00fcr verlinkte Angebote und Dienste.<\/p>\n<p>&nbsp;<\/p>\n<p>Sollten Sie unter www.smartcity-stuttgart.de auf einen nicht barrierefreien Inhalt sto\u00dfen, der auch unter stuttgart.de nicht zur Verf\u00fcgung steht, nehmen Sie bitte Kontakt mit der <a href=\"https:\/\/www.stuttgart.de\/vv\/personen\/knoll-astrid.php\">Webkoordination Barrierefreiheit<\/a> auf. Wir werden uns bem\u00fchen, Ihnen diese Inhalte in zug\u00e4nglicher Form anzubieten.<\/p>\n<p>Wir arbeiten an den notwendigen Prozessen, die Informationen der Website stuttgart-steigt-um.de hinsichtlich digitaler Barrierefreiheit weiter zu verbessern.<\/p>\n<p>&nbsp;<\/p>\n<h3><strong>Kontaktangaben und Feedback<\/strong><\/h3>\n<p>Wenn Sie Vorschl\u00e4ge f\u00fcr die Verbesserung der Barrierefreiheit auf unserer Website machen m\u00f6chten, schreiben Sie uns unter den genannten Kontaktm\u00f6glichkeiten.<\/p>\n<p>Feedback zur Barrierefreiheit dieser Seite k\u00f6nnen Sie \u00fcber poststelle.17-stab[at]stuttgart.de abgeben.<\/p>\n<p>&nbsp;<\/p>\n<h3><strong>Durchsetzungsverfahren<\/strong><\/h3>\n<p>Wenn Ihre Kontaktaufnahme mit der Dienststelle der Stadt Stuttgart nicht erfolgreich war beziehungsweise Sie auf Ihre Mitteilungen oder Anfragen keine zufriedenstellenden Antworten erhalten haben, k\u00f6nnen Sie die Gesch\u00e4ftsstelle der Landes-Behindertenbeauftragten einschalten.<\/p>\n<p>Die Schlichtungsstelle BGG hat die Aufgabe, bei Konflikten zum Thema Barrierefreiheit zwischen Menschen mit Behinderungen und \u00f6ffentlichen Stellen eine au\u00dfergerichtliche Streitbeilegung zu unterst\u00fctzen.<\/p>\n<p>Das Schlichtungsverfahren ist kostenlos. Es muss kein Rechtsbeistand eingeschaltet werden.<\/p>\n<p><strong>Gesch\u00e4ftsstelle der Landes-Behindertenbeauftragten<\/strong><br \/>Else-Josenhans-Stra\u00dfe 6<br \/>70173 Stuttgart<br \/>Tel. 0711\/279-3360<br \/>Poststelle@bfbmb.bwl.de<br \/><a href=\"https:\/\/sozialalministerium.baden-wuerttemberg.de\/\">https:\/\/sozialalministerium.baden-wuerttemberg.de\/<\/a><\/p>\n<p>&nbsp;<\/p>\n<h3><strong>Erstellung dieser Erkl\u00e4rung<\/strong><\/h3>\n<p>Diese Erkl\u00e4rung wurde am 28. August 2024 erstellt und wird j\u00e4hrlich aktualisiert.<\/p>\n<p>&nbsp;<\/p>\n<p>&nbsp;<\/p>\n<\/div>\n<p>[\/et_pb_text][\/et_pb_column][\/et_pb_row][\/et_pb_section]<\/p>\n","protected":false},"excerpt":{"rendered":"<p>Wir arbeiten daran, unser Online-Angebot, im Einklang mit der EU-Richtlinie 2016\/2102, barrierefrei zug\u00e4nglich zu machen. Grundlage bilden die Bestimmungen des Behindertengleichstellungsgesetzes des Bundes (BGG) sowie der Barrierefreien\u2010Informationstechnik\u2010Verordnung (BITV 2.0). Diese Erkl\u00e4rung zur Barrierefreiheit gilt ausschlie\u00dflich f\u00fcr das zentrale Online-Angebot www.smartcity-stuttgartd.e, nicht jedoch f\u00fcr verlinkte Angebote und Dienste. &nbsp; Sollten Sie unter www.smartcity-stuttgart.de auf einen nicht [&hellip;]<\/p>\n","protected":false},"author":1,"featured_media":0,"parent":0,"menu_order":0,"comment_status":"closed","ping_status":"closed","template":"","meta":{"_et_pb_use_builder":"on","_et_pb_old_content":"[et_pb_section fb_built=\"1\" _builder_version=\"4.24.0\" _module_preset=\"default\" global_colors_info=\"{}\"][et_pb_row _builder_version=\"4.24.0\" _module_preset=\"default\" global_colors_info=\"{}\"][et_pb_column type=\"4_4\" _builder_version=\"4.24.0\" _module_preset=\"default\" global_colors_info=\"{}\"][et_pb_heading title=\"Impressum\" _builder_version=\"4.24.0\" _module_preset=\"default\" title_font=\"|600|||||||\" custom_margin=\"||0px||false|false\" custom_padding=\"||0px||false|false\" hover_enabled=\"0\" global_colors_info=\"{}\" sticky_enabled=\"0\"][\/et_pb_heading][et_pb_divider _builder_version=\"4.24.0\" _module_preset=\"default\" custom_margin=\"0px||||false|false\" custom_padding=\"0px||||false|false\" global_colors_info=\"{}\"][\/et_pb_divider][\/et_pb_column][\/et_pb_row][et_pb_row column_structure=\"1_4,3_4\" _builder_version=\"4.24.0\" _module_preset=\"default\" custom_margin=\"0px||||false|false\" custom_padding=\"0px||15px||false|false\" global_colors_info=\"{}\"][et_pb_column type=\"1_4\" _builder_version=\"4.24.0\" _module_preset=\"default\" global_colors_info=\"{}\"][\/et_pb_column][et_pb_column type=\"3_4\" _builder_version=\"4.24.0\" _module_preset=\"default\" global_colors_info=\"{}\"][et_pb_text _builder_version=\"4.24.0\" _module_preset=\"default\" text_font_size=\"15px\" custom_padding=\"||4px|||\" hover_enabled=\"0\" global_colors_info=\"{}\" sticky_enabled=\"0\"]<p>Landeshauptstadt Stuttgart<br \/>K\u00f6rperschaft des \u00f6ffentlichen Rechts;<br \/>sie wird vertreten durch Oberb\u00fcrgermeister Dr. Frank Nopper.<\/p>\r\n<p>\u00a0<\/p>\r\n<h2 class=\"font-styling-h5\">Hausanschrift<\/h2>\r\n<p data-pm-slice=\"1 1 []\">Landeshauptstadt Stuttgart<br \/>Rathaus<br \/>Marktplatz 1<br \/>70173 Stuttgart<\/p>\r\n<p data-pm-slice=\"1 1 []\"><\/p>\r\n<h2 class=\"font-styling-h5\">Inhaltliche Verantwortung nach \u00a755 Abs. 2 des RStV<\/h2>\r\n<p>Sandra Baumholz<br \/>Amt f\u00fcr Digitalisierung, Organisation und IT<br \/>Leitung Stabsstelle, Strategische Planung, digitale Transformation und Innovation<\/p>\r\n<p>Landeshauptstadt Stuttgart<br \/>Heilbronner Str. 150<br \/>70191 Stuttgart<\/p>\r\n<p>Kontakt:<br \/>Telefon: 0711 217<br \/>E-Mail: <a href=\"mailto:poststelle.17-stab@stuttgart.de\">poststelle.17-stab@stuttgart.de<\/a><\/p>\r\n<p>\u00a0<\/p>\r\n<h2 class=\"font-styling-h5\">Postanschrift<\/h2>\r\n<p>Landeshauptstadt Stuttgart<br \/>70161 Stuttgart<br \/>Telefon: +49 711 216-0<br \/>E-Mail: <a href=\"mailto:post@stuttgart.de\">post@stuttgart.de<\/a><br \/>Umsatzsteuer-Identifikationsnummer: DE 147793909<\/p>\r\n<p>\u00a0<\/p>\r\n<h2 class=\"font-styling-h5\">Au\u00dfergerichtliche Online-Streitbeilegung<\/h2>\r\n<p>Die Europ\u00e4ische Kommission stellt unter\u202f<a href=\"https:\/\/ec.europa.eu\/consumers\/odr\/\" rel=\"noopener\">https:\/\/ec.europa.eu\/consumers\/odr\/<\/a>\u202feine Plattform zur au\u00dfergerichtlichen Online-Streitbeilegung bereit.<\/p>\r\n<p>\u00a0<\/p>\r\n<h2 class=\"font-styling-h5\">Information gem\u00e4\u00df \u00a7 36 Verbraucherstreit-Beilegungsgesetz<\/h2>\r\n<p>Die Landeshauptstadt Stuttgart ist zur Teilnahme an einem Streitbeilegungsverfahren vor einer Verbraucherschlichtungsstelle weder bereit noch verpflichtet.<\/p>\r\n<p>\u00a0<\/p>\r\n<h5>Konzept, Gestaltung und Umsetzung<\/h5>\r\n<p>Amt f\u00fcr Digitalisierung, Organisation und IT<\/p>\r\n<p>\u00a0<\/p>\r\n<h5>Technischer Betrieb<\/h5>\r\n<p>Administration des Webservers:<\/p>\r\n<p>Haupt- und Personalamt, Abteilung Informations- und Kommunikationstechnik<\/p>\r\n<p>\u00a0<\/p>\r\n<h2 class=\"font-styling-h5\">Urheberrecht und Haftungsausschluss<\/h2>\r\n<p>Das Layout der Website, die verwendeten Grafiken, Texte und sonstigen Inhalte und Werke sind u.a. urheberrechtlich gesch\u00fctzt. Eine Vervielf\u00e4ltigung ist nur zum\u202fprivaten Gebrauch zul\u00e4ssig. Es d\u00fcrfen jedoch keine \u00c4nderungen vorgenommen und keine Vervielf\u00e4ltigungsst\u00fccke verbreitet oder zu \u00f6ffentlichen Wiedergaben benutzt werden. Die einzelnen Beitr\u00e4ge sind ebenfalls u.a. urheberrechtlich gesch\u00fctzt; weitere Hinweise k\u00f6nnen ggf. dort nachgelesen werden.<\/p>\r\n<p>Die Landeshauptstadt Stuttgart beh\u00e4lt sich das Recht vor, zur Verf\u00fcgung gestellte Manuskripte, Bildmaterial und \u00c4hnliches zu bearbeiten. Ein Anspruch auf Ver\u00f6ffentlichung dieser Materialien unter klima.stuttgart.de besteht nicht.<\/p>\r\n<p>Alle Angebote sind freibleibend und unverbindlich.<br \/>Die Landeshauptstadt Stuttgart ist nur f\u00fcr die eigenen Inhalte auf dieser Seite verantwortlich. Die Landeshauptstadt Stuttgart ist jedoch nicht verpflichtet, das Einstellen von fremden Inhalten zu \u00fcberwachen, oder diese auf ihre Rechtm\u00e4\u00dfigkeit zu pr\u00fcfen. Rechtswidrige Inhalte werden nach Kenntnis umgehend entfernt.<\/p>\r\n<p>Soweit die Landeshauptstadt Stuttgart Links zu fremden Webseiten bereith\u00e4lt, kann f\u00fcr die Inhalte auf den verlinkten Webseiten keine Gew\u00e4hr \u00fcbernommen werden. F\u00fcr die Inhalte einer verlinkten Webseite ist nur deren jeweiliger Anbieter oder Seitenbetreiber verantwortlich. Die Landeshauptstadt Stuttgart hat die Inhalte der verlinkten Webseiten zum Zeitpunkt der Verlinkung \u00fcberpr\u00fcft. Rechtswidrige Inhalte waren nicht erkennbar. Eine st\u00e4ndige Kontrolle der verlinkten Webseiten ist jedoch ohne konkrete Anhaltspunkte einer Rechtsverletzung nicht zumutbar. Erh\u00e4lt die Landeshauptstadt Stuttgart von rechtswidrigen Inhalten auf den verlinkten Webseiten Kenntnis, werden auf <a href=\"https:\/\/jetztklimachen.stuttgart.de\" rel=\"noopener\">jetztklimachen.stuttgart.de<\/a> gesetzte Links unverz\u00fcglich entfernt.<span style=\"color: #000000;\"><\/span><\/p>\r\n<p>\u00a0<\/p>\r\n<h2 class=\"font-styling-h5\">Bildrechte<\/h2>\r\n<p><span>Dieser Internetauftritt verwendet Bilder von dem Anbieter Unsplash. Die daf\u00fcr zutreffenden Nutzungsbedingungen finden Sie <a href=\"https:\/\/unsplash.com\/terms\" rel=\"noopener\">hier<\/a>.<\/span><\/p>[\/et_pb_text][\/et_pb_column][\/et_pb_row][\/et_pb_section]","_et_gb_content_width":"","footnotes":""},"class_list":["post-1708","page","type-page","status-publish","hentry"],"_links":{"self":[{"href":"https:\/\/digitalmonitor.stuttgart.de\/index.php\/wp-json\/wp\/v2\/pages\/1708"}],"collection":[{"href":"https:\/\/digitalmonitor.stuttgart.de\/index.php\/wp-json\/wp\/v2\/pages"}],"about":[{"href":"https:\/\/digitalmonitor.stuttgart.de\/index.php\/wp-json\/wp\/v2\/types\/page"}],"author":[{"embeddable":true,"href":"https:\/\/digitalmonitor.stuttgart.de\/index.php\/wp-json\/wp\/v2\/users\/1"}],"replies":[{"embeddable":true,"href":"https:\/\/digitalmonitor.stuttgart.de\/index.php\/wp-json\/wp\/v2\/comments?post=1708"}],"version-history":[{"count":16,"href":"https:\/\/digitalmonitor.stuttgart.de\/index.php\/wp-json\/wp\/v2\/pages\/1708\/revisions"}],"predecessor-version":[{"id":6363,"href":"https:\/\/digitalmonitor.stuttgart.de\/index.php\/wp-json\/wp\/v2\/pages\/1708\/revisions\/6363"}],"wp:attachment":[{"href":"https:\/\/digitalmonitor.stuttgart.de\/index.php\/wp-json\/wp\/v2\/media?parent=1708"}],"curies":[{"name":"wp","href":"https:\/\/api.w.org\/{rel}","templated":true}]}}

<p>[et_pb_section fb_built=&#8220;1&#8243; _builder_version=&#8220;4.24.0&#8243; _module_preset=&#8220;default&#8220; global_colors_info=&#8220;{}&#8220;][et_pb_row custom_padding_last_edited=&#8220;on|desktop&#8220; _builder_version=&#8220;4.24.0&#8243; _module_preset=&#8220;default&#8220; custom_margin_tablet=&#8220;-50px||0px||false|false&#8220; custom_margin_phone=&#8220;-76px||0px||false|false&#8220; custom_margin_last_edited=&#8220;on|phone&#8220; custom_padding_tablet=&#8220;0px||0px||false|false&#8220; custom_padding_phone=&#8220;0px||0px||false|false&#8220; global_colors_info=&#8220;{}&#8220;][et_pb_column type=&#8220;4_4&#8243; _builder_version=&#8220;4.24.0&#8243; _module_preset=&#8220;default&#8220; global_colors_info=&#8220;{}&#8220;][et_pb_heading title=&#8220;Erklärung zur Barrierefreiheit&#8220; _builder_version=&#8220;4.24.0&#8243; _module_preset=&#8220;default&#8220; title_font=&#8220;|600|||||||&#8220; title_line_height=&#8220;1.4em&#8220; custom_margin=&#8220;||0px||false|false&#8220; custom_padding=&#8220;||0px||false|false&#8220; title_font_size_tablet=&#8220;&#8220; title_font_size_phone=&#8220;&#8220; title_font_size_last_edited=&#8220;on|phone&#8220; global_colors_info=&#8220;{}&#8220;][/et_pb_heading][et_pb_divider _builder_version=&#8220;4.24.0&#8243; _module_preset=&#8220;default&#8220; custom_margin=&#8220;0px||||false|false&#8220; custom_padding=&#8220;0px||||false|false&#8220; global_colors_info=&#8220;{}&#8220;][/et_pb_divider][/et_pb_column][/et_pb_row][et_pb_row column_structure=&#8220;1_4,3_4&#8243; _builder_version=&#8220;4.24.0&#8243; _module_preset=&#8220;default&#8220; custom_margin=&#8220;0px||||false|false&#8220; custom_padding=&#8220;0px||15px||false|false&#8220; global_colors_info=&#8220;{}&#8220;][et_pb_column type=&#8220;1_4&#8243; _builder_version=&#8220;4.24.0&#8243; _module_preset=&#8220;default&#8220; global_colors_info=&#8220;{}&#8220;][/et_pb_column][et_pb_column type=&#8220;3_4&#8243; _builder_version=&#8220;4.24.0&#8243; _module_preset=&#8220;default&#8220; global_colors_info=&#8220;{}&#8220;][et_pb_text _builder_version=&#8220;4.24.0&#8243; _module_preset=&#8220;default&#8220; text_font_size=&#8220;15px&#8220; custom_padding=&#8220;||4px|||&#8220; global_colors_info=&#8220;{}&#8220;]</p>
<div class="tinymce">
<p>Wir arbeiten daran, unser Online-Angebot, im Einklang mit der EU-Richtlinie 2016/2102, barrierefrei zugänglich zu machen. Grundlage bilden die Bestimmungen des Behindertengleichstellungsgesetzes des Bundes (BGG) sowie der Barrierefreien‐Informationstechnik‐Verordnung (BITV 2.0). Diese Erklärung zur Barrierefreiheit gilt ausschließlich für das zentrale Online-Angebot www.smartcity-stuttgartd.e, nicht jedoch für verlinkte Angebote und Dienste.</p>
<p>&nbsp;</p>
<p>Sollten Sie unter www.smartcity-stuttgart.de auf einen nicht barrierefreien Inhalt stoßen, der auch unter stuttgart.de nicht zur Verfügung steht, nehmen Sie bitte Kontakt mit der <a href="https://www.stuttgart.de/vv/personen/knoll-astrid.php">Webkoordination Barrierefreiheit</a> auf. Wir werden uns bemühen, Ihnen diese Inhalte in zugänglicher Form anzubieten.</p>
<p>Wir arbeiten an den notwendigen Prozessen, die Informationen der Website stuttgart-steigt-um.de hinsichtlich digitaler Barrierefreiheit weiter zu verbessern.</p>
<p>&nbsp;</p>
<h3><strong>Kontaktangaben und Feedback</strong></h3>
<p>Wenn Sie Vorschläge für die Verbesserung der Barrierefreiheit auf unserer Website machen möchten, schreiben Sie uns unter den genannten Kontaktmöglichkeiten.</p>
<p>Feedback zur Barrierefreiheit dieser Seite können Sie über poststelle.17-stab[at]stuttgart.de abgeben.</p>
<p>&nbsp;</p>
<h3><strong>Durchsetzungsverfahren</strong></h3>
<p>Wenn Ihre Kontaktaufnahme mit der Dienststelle der Stadt Stuttgart nicht erfolgreich war beziehungsweise Sie auf Ihre Mitteilungen oder Anfragen keine zufriedenstellenden Antworten erhalten haben, können Sie die Geschäftsstelle der Landes-Behindertenbeauftragten einschalten.</p>
<p>Die Schlichtungsstelle BGG hat die Aufgabe, bei Konflikten zum Thema Barrierefreiheit zwischen Menschen mit Behinderungen und öffentlichen Stellen eine außergerichtliche Streitbeilegung zu unterstützen.</p>
<p>Das Schlichtungsverfahren ist kostenlos. Es muss kein Rechtsbeistand eingeschaltet werden.</p>
<p><strong>Geschäftsstelle der Landes-Behindertenbeauftragten</strong><br />Else-Josenhans-Straße 6<br />70173 Stuttgart<br />Tel. 0711/279-3360<br />Poststelle@bfbmb.bwl.de<br /><a href="https://sozialalministerium.baden-wuerttemberg.de/">https://sozialalministerium.baden-wuerttemberg.de/</a></p>
<p>&nbsp;</p>
<h3><strong>Erstellung dieser Erklärung</strong></h3>
<p>Diese Erklärung wurde am 28. August 2024 erstellt und wird jährlich aktualisiert.</p>
<p>&nbsp;</p>
<p>&nbsp;</p>
</div>
<p>[/et_pb_text][/et_pb_column][/et_pb_row][/et_pb_section]</p>

<p>Wir arbeiten daran, unser Online-Angebot, im Einklang mit der EU-Richtlinie 2016/2102, barrierefrei zugänglich zu machen. Grundlage bilden die Bestimmungen des Behindertengleichstellungsgesetzes des Bundes (BGG) sowie der Barrierefreien‐Informationstechnik‐Verordnung (BITV 2.0). Diese Erklärung zur Barrierefreiheit gilt ausschließlich für das zentrale Online-Angebot www.smartcity-stuttgartd.e, nicht jedoch für verlinkte Angebote und Dienste. &nbsp; Sollten Sie unter www.smartcity-stuttgart.de auf einen nicht [&hellip;]</p>

[et_pb_section fb_built="1" _builder_version="4.24.0" _module_preset="default" global_colors_info="{}"][et_pb_row _builder_version="4.24.0" _module_preset="default" global_colors_info="{}"][et_pb_column type="4_4" _builder_version="4.24.0" _module_preset="default" global_colors_info="{}"][et_pb_heading title="Impressum" _builder_version="4.24.0" _module_preset="default" title_font="|600|||||||" custom_margin="||0px||false|false" custom_padding="||0px||false|false" hover_enabled="0" global_colors_info="{}" sticky_enabled="0"][/et_pb_heading][et_pb_divider _builder_version="4.24.0" _module_preset="default" custom_margin="0px||||false|false" custom_padding="0px||||false|false" global_colors_info="{}"][/et_pb_divider][/et_pb_column][/et_pb_row][et_pb_row column_structure="1_4,3_4" _builder_version="4.24.0" _module_preset="default" custom_margin="0px||||false|false" custom_padding="0px||15px||false|false" global_colors_info="{}"][et_pb_column type="1_4" _builder_version="4.24.0" _module_preset="default" global_colors_info="{}"][/et_pb_column][et_pb_column type="3_4" _builder_version="4.24.0" _module_preset="default" global_colors_info="{}"][et_pb_text _builder_version="4.24.0" _module_preset="default" text_font_size="15px" custom_padding="||4px|||" hover_enabled="0" global_colors_info="{}" sticky_enabled="0"]<p>Landeshauptstadt Stuttgart<br />Körperschaft des öffentlichen Rechts;<br />sie wird vertreten durch Oberbürgermeister Dr. Frank Nopper.</p>
<p> </p>
<h2 class="font-styling-h5">Hausanschrift</h2>
<p data-pm-slice="1 1 []">Landeshauptstadt Stuttgart<br />Rathaus<br />Marktplatz 1<br />70173 Stuttgart</p>
<p data-pm-slice="1 1 []"></p>
<h2 class="font-styling-h5">Inhaltliche Verantwortung nach §55 Abs. 2 des RStV</h2>
<p>Sandra Baumholz<br />Amt für Digitalisierung, Organisation und IT<br />Leitung Stabsstelle, Strategische Planung, digitale Transformation und Innovation</p>
<p>Landeshauptstadt Stuttgart<br />Heilbronner Str. 150<br />70191 Stuttgart</p>
<p>Kontakt:<br />Telefon: 0711 217<br />E-Mail: <a href="mailto:poststelle.17-stab@stuttgart.de">poststelle.17-stab@stuttgart.de</a></p>
<p> </p>
<h2 class="font-styling-h5">Postanschrift</h2>
<p>Landeshauptstadt Stuttgart<br />70161 Stuttgart<br />Telefon: +49 711 216-0<br />E-Mail: <a href="mailto:post@stuttgart.de">post@stuttgart.de</a><br />Umsatzsteuer-Identifikationsnummer: DE 147793909</p>
<p> </p>
<h2 class="font-styling-h5">Außergerichtliche Online-Streitbeilegung</h2>
<p>Die Europäische Kommission stellt unter <a href="https://ec.europa.eu/consumers/odr/" rel="noopener">https://ec.europa.eu/consumers/odr/</a> eine Plattform zur außergerichtlichen Online-Streitbeilegung bereit.</p>
<p> </p>
<h2 class="font-styling-h5">Information gemäß § 36 Verbraucherstreit-Beilegungsgesetz</h2>
<p>Die Landeshauptstadt Stuttgart ist zur Teilnahme an einem Streitbeilegungsverfahren vor einer Verbraucherschlichtungsstelle weder bereit noch verpflichtet.</p>
<p> </p>
<h5>Konzept, Gestaltung und Umsetzung</h5>
<p>Amt für Digitalisierung, Organisation und IT</p>
<p> </p>
<h5>Technischer Betrieb</h5>
<p>Administration des Webservers:</p>
<p>Haupt- und Personalamt, Abteilung Informations- und Kommunikationstechnik</p>
<p> </p>
<h2 class="font-styling-h5">Urheberrecht und Haftungsausschluss</h2>
<p>Das Layout der Website, die verwendeten Grafiken, Texte und sonstigen Inhalte und Werke sind u.a. urheberrechtlich geschützt. Eine Vervielfältigung ist nur zum privaten Gebrauch zulässig. Es dürfen jedoch keine Änderungen vorgenommen und keine Vervielfältigungsstücke verbreitet oder zu öffentlichen Wiedergaben benutzt werden. Die einzelnen Beiträge sind ebenfalls u.a. urheberrechtlich geschützt; weitere Hinweise können ggf. dort nachgelesen werden.</p>
<p>Die Landeshauptstadt Stuttgart behält sich das Recht vor, zur Verfügung gestellte Manuskripte, Bildmaterial und Ähnliches zu bearbeiten. Ein Anspruch auf Veröffentlichung dieser Materialien unter klima.stuttgart.de besteht nicht.</p>
<p>Alle Angebote sind freibleibend und unverbindlich.<br />Die Landeshauptstadt Stuttgart ist nur für die eigenen Inhalte auf dieser Seite verantwortlich. Die Landeshauptstadt Stuttgart ist jedoch nicht verpflichtet, das Einstellen von fremden Inhalten zu überwachen, oder diese auf ihre Rechtmäßigkeit zu prüfen. Rechtswidrige Inhalte werden nach Kenntnis umgehend entfernt.</p>
<p>Soweit die Landeshauptstadt Stuttgart Links zu fremden Webseiten bereithält, kann für die Inhalte auf den verlinkten Webseiten keine Gewähr übernommen werden. Für die Inhalte einer verlinkten Webseite ist nur deren jeweiliger Anbieter oder Seitenbetreiber verantwortlich. Die Landeshauptstadt Stuttgart hat die Inhalte der verlinkten Webseiten zum Zeitpunkt der Verlinkung überprüft. Rechtswidrige Inhalte waren nicht erkennbar. Eine ständige Kontrolle der verlinkten Webseiten ist jedoch ohne konkrete Anhaltspunkte einer Rechtsverletzung nicht zumutbar. Erhält die Landeshauptstadt Stuttgart von rechtswidrigen Inhalten auf den verlinkten Webseiten Kenntnis, werden auf <a href="https://jetztklimachen.stuttgart.de" rel="noopener">jetztklimachen.stuttgart.de</a> gesetzte Links unverzüglich entfernt.<span style="color: #000000;"></span></p>
<p> </p>
<h2 class="font-styling-h5">Bildrechte</h2>
<p><span>Dieser Internetauftritt verwendet Bilder von dem Anbieter Unsplash. Die dafür zutreffenden Nutzungsbedingungen finden Sie <a href="https://unsplash.com/terms" rel="noopener">hier</a>.</span></p>[/et_pb_text][/et_pb_column][/et_pb_row][/et_pb_section]
